{"id":26023,"date":"2022-12-16T17:26:09","date_gmt":"2022-12-16T17:26:09","guid":{"rendered":"https:\/\/jmmedicalec.com\/nuevo\/?post_type=product&#038;p=26023"},"modified":"2025-07-29T20:19:49","modified_gmt":"2025-07-29T20:19:49","slug":"laser-de-barrido-o-escaner-de-bioestimulacion-hospitalario-de-4w","status":"publish","type":"product","link":"https:\/\/jmmedicalec.com\/nuevo\/product\/laser-de-barrido-o-escaner-de-bioestimulacion-hospitalario-de-4w\/","title":{"rendered":"L\u00c1SER DE BARRIDO O ESCANER DE BIOESTIMULACI\u00d3N HOSPITALARIO DE 4W"},"content":{"rendered":"<p class=\"p2\">Equipo digital de terapia con l\u00e1ser con potencia de 4W.<span class=\"Apple-converted-space\">\u00a0<\/span><\/p>\n<p class=\"p3\"><b>3 canales de salida con la posibilidad de conectar un aplicador extra tipo racimo (opcional) y un aplicador puntual (opcional).<span class=\"Apple-converted-space\">\u00a0<\/span><\/b><\/p>\n<p class=\"p2\">Equipo Controlado por microprocesador<span class=\"Apple-converted-space\">\u00a0<\/span><\/p>\n<p class=\"p2\"><b>Diodo de Barrido de 808 nm y 4W de potencia.<span class=\"Apple-converted-space\">\u00a0<\/span><\/b><\/p>\n<p class=\"p2\"><b>Diodo puntual de 808 nm y 400 mW<span class=\"Apple-converted-space\">\u00a0<\/span><\/b><\/p>\n<p class=\"p2\">Permita realizar acupuntura seg\u00fan Nogier y Voll<span class=\"Apple-converted-space\">\u00a0<\/span><\/p>\n<p class=\"p2\">Luz gu\u00eda de tratamiento<span class=\"Apple-converted-space\">\u00a0<\/span><\/p>\n<p class=\"p2\">Frecuencia pulsada programable 200\u00f75.000 Hz<span class=\"Apple-converted-space\">\u00a0<\/span><\/p>\n<p class=\"p2\">X amplitud escaneo ( 1 \u00f7 20 ) cm @ 45cm approx.<span class=\"Apple-converted-space\">\u00a0<\/span><\/p>\n<p class=\"p2\">Y amplitud escaneo( 1 \u00f7 20 ) cm @ 45cm approx.<span class=\"Apple-converted-space\">\u00a0<\/span><\/p>\n<p class=\"p2\">Tres formas de tratamiento de \u00e1rea: elipsis, l\u00ednea y curvas.<span class=\"Apple-converted-space\">\u00a0<\/span><\/p>\n<p class=\"p2\">Brazo con altura ajustable entre 60 y 140 cm<span class=\"Apple-converted-space\">\u00a0<\/span><\/p>\n<p class=\"p2\">Poder @ 200 Hz 12.5mW<span class=\"Apple-converted-space\">\u00a0<\/span><\/p>\n<p class=\"p2\">Poder @ 5000 Hz 500mW<span class=\"Apple-converted-space\">\u00a0<\/span><\/p>\n<p class=\"p2\"><b>M\u00e1s de 25 programas preestablecidos.<span class=\"Apple-converted-space\">\u00a0<\/span><\/b><\/p>\n<p class=\"p2\"><b>Posibilidad de almacenar 50 protocolos cl\u00ednicos.<span class=\"Apple-converted-space\">\u00a0<\/span><\/b><\/p>\n<p class=\"p4\">Aplicadores de fibra \u00f3ptica para tratamientos de acupuntura y tratamientos especiales como laringitis, otitis, sinusitis, odontolog\u00eda <span class=\"s1\">(OPCIONAL ver accesorios)<span class=\"Apple-converted-space\">\u00a0<\/span><\/span><\/p>\n<p class=\"p5\">OPCION DE INCREMENTAR APLICADOR CLUSTER (ver accesorios)<span class=\"Apple-converted-space\">\u00a0<\/span><\/p>\n<p class=\"p2\"><b>INCLUYE:<span class=\"Apple-converted-space\">\u00a0<\/span><\/b><\/p>\n<p class=\"p2\">1 UNIDAD BASE<span class=\"Apple-converted-space\">\u00a0<\/span><\/p>\n<p class=\"p2\">1 PEDESTAL CON RUEDAS Y APLICADOR DE BARRIDO 808 nm y 4 W<span class=\"Apple-converted-space\">\u00a0<\/span><\/p>\n<p class=\"p2\">1 APLICADOR PUNTUAL DE 808 nm y 400 mW<span class=\"Apple-converted-space\">\u00a0<\/span><\/p>\n<p class=\"p2\">2 GAFAS DE PROTECCI\u00d3N.<span class=\"Apple-converted-space\">\u00a0<\/span><\/p>\n<p class=\"p2\">1 MANUAL DE OPERACI\u00d3N<span class=\"Apple-converted-space\">\u00a0<\/span><\/p>\n<p class=\"p2\">1 CABLE CONEXI\u00d3N EL\u00c9CTRICA (FUENTE DE ALIMENTACI\u00d3N ELECTRICA<span class=\"Apple-converted-space\">\u00a0<\/span><\/p>\n","protected":false},"excerpt":{"rendered":"<p class=\"p2\">Equipo digital de terapia con l\u00e1ser con potencia de 4W.<\/p>\n<p class=\"p3\"><b>3 canales de salida con la posibilidad de conectar un aplicador extra tipo racimo (opcional) y un aplicador puntual (opcional). <\/b><\/p>\n<p class=\"p2\">Equipo Controlado por microprocesador<\/p>\n<p class=\"p2\"><b>Diodo de Barrido de 808 nm y 4W de potencia. <\/b><\/p>\n<p class=\"p2\"><b>Diodo puntual de 808 nm y 400 mW <\/b><\/p>\n<p class=\"p2\">Permita realizar acupuntura seg\u00fan Nogier y Voll<\/p>\n<p class=\"p2\">Luz gu\u00eda de tratamiento<\/p>\n<p class=\"p2\">Frecuencia pulsada programable 200\u00f75.000 Hz<\/p>\n<p class=\"p2\">X amplitud escaneo ( 1 \u00f7 20 ) cm @ 45cm approx.<\/p>\n<p class=\"p2\">Y amplitud escaneo( 1 \u00f7 20 ) cm @ 45cm approx.<\/p>\n<p class=\"p2\">Tres formas de tratamiento de \u00e1rea: elipsis, l\u00ednea y curvas.<\/p>\n<p class=\"p2\">Brazo con altura ajustable entre 60 y 140 cm<\/p>\n<p class=\"p2\">Poder @ 200 Hz 12.5mW<\/p>\n<p class=\"p2\">Poder @ 5000 Hz 500mW<\/p>\n<p class=\"p2\"><b>M\u00e1s de 25 programas preestablecidos. <\/b><\/p>\n<p class=\"p2\"><b>Posibilidad de almacenar 50 protocolos cl\u00ednicos. <\/b><\/p>\n<p class=\"p4\">Aplicadores de fibra \u00f3ptica para tratamientos de acupuntura y tratamientos especiales como laringitis, otitis, sinusitis, odontolog\u00eda <span class=\"s1\">(OPCIONAL ver accesorios) <\/span><\/p>\n<p class=\"p5\">OPCION DE INCREMENTAR APLICADOR CLUSTER (ver accesorios)<\/p>\n","protected":false},"featured_media":28016,"comment_status":"open","ping_status":"closed","template":"","meta":{"_acf_changed":false},"product_brand":[],"product_cat":[241],"product_tag":[],"class_list":{"0":"post-26023","1":"product","2":"type-product","3":"status-publish","4":"has-post-thumbnail","6":"product_cat-laserterapia","8":"first","9":"instock","10":"taxable","11":"shipping-taxable","12":"product-type-simple"},"acf":[],"_links":{"self":[{"href":"https:\/\/jmmedicalec.com\/nuevo\/wp-json\/wp\/v2\/product\/26023","targetHints":{"allow":["GET"]}}],"collection":[{"href":"https:\/\/jmmedicalec.com\/nuevo\/wp-json\/wp\/v2\/product"}],"about":[{"href":"https:\/\/jmmedicalec.com\/nuevo\/wp-json\/wp\/v2\/types\/product"}],"replies":[{"embeddable":true,"href":"https:\/\/jmmedicalec.com\/nuevo\/wp-json\/wp\/v2\/comments?post=26023"}],"version-history":[{"count":1,"href":"https:\/\/jmmedicalec.com\/nuevo\/wp-json\/wp\/v2\/product\/26023\/revisions"}],"predecessor-version":[{"id":26810,"href":"https:\/\/jmmedicalec.com\/nuevo\/wp-json\/wp\/v2\/product\/26023\/revisions\/26810"}],"wp:featuredmedia":[{"embeddable":true,"href":"https:\/\/jmmedicalec.com\/nuevo\/wp-json\/wp\/v2\/media\/28016"}],"wp:attachment":[{"href":"https:\/\/jmmedicalec.com\/nuevo\/wp-json\/wp\/v2\/media?parent=26023"}],"wp:term":[{"taxonomy":"product_brand","embeddable":true,"href":"https:\/\/jmmedicalec.com\/nuevo\/wp-json\/wp\/v2\/product_brand?post=26023"},{"taxonomy":"product_cat","embeddable":true,"href":"https:\/\/jmmedicalec.com\/nuevo\/wp-json\/wp\/v2\/product_cat?post=26023"},{"taxonomy":"product_tag","embeddable":true,"href":"https:\/\/jmmedicalec.com\/nuevo\/wp-json\/wp\/v2\/product_tag?post=26023"}],"curies":[{"name":"wp","href":"https:\/\/api.w.org\/{rel}","templated":true}]}}