{"id":26026,"date":"2022-12-16T17:34:15","date_gmt":"2022-12-16T17:34:15","guid":{"rendered":"https:\/\/jmmedicalec.com\/nuevo\/?post_type=product&#038;p=26026"},"modified":"2022-12-16T17:37:03","modified_gmt":"2022-12-16T17:37:03","slug":"laser-de-alta-intensidad-con-potencia-de-18w","status":"publish","type":"product","link":"https:\/\/jmmedicalec.com\/nuevo\/product\/laser-de-alta-intensidad-con-potencia-de-18w\/","title":{"rendered":"L\u00c1SER DE ALTA INTENSIDAD CON POTENCIA DE 18W"},"content":{"rendered":"<p class=\"p2\">La efectividad de los procedimientos de tratamiento con el uso de la unidad Polaris HP se basa en la aplicaci\u00f3n de una fuente de alta potencia de una sola longitud de onda que da como resultado una penetraci\u00f3n profunda en el tejido y un efecto t\u00e9rmico local, que no se observa en el caso de bajo nivel Terapia con l\u00e1ser. La fuente l\u00e1ser incorporada puede funcionar en modo continuo o de pulso con una potencia m\u00e1xima igual a 8 W. El modo de pulso se usa para reducir el efecto t\u00e9rmico. En el momento de exceder la potencia promedio de 4 W, la unidad muestra una advertencia adicional para evitar un sobrecalentamiento excesivo.<span class=\"Apple-converted-space\">\u00a0<\/span><\/p>\n<p class=\"p3\"><b>ESPECIFICACI\u00d3N<span class=\"Apple-converted-space\">\u00a0<\/span><\/b><\/p>\n<p class=\"p2\">Pantalla a color t\u00e1ctil de 7\u201d<span class=\"Apple-converted-space\">\u00a0<\/span><\/p>\n<p class=\"p2\">Enciclopedia terap\u00e9utica con la descripci\u00f3n de los tratamientos.<span class=\"Apple-converted-space\">\u00a0<\/span><\/p>\n<p class=\"p2\">2 Fuente l\u00e1ser de alta potencia incorporada &#8211; 808 nm \/ 8 W y 980 nm\/10 W<span class=\"Apple-converted-space\">\u00a0<\/span><\/p>\n<p class=\"p2\">Dos adaptadores de aplicaci\u00f3n: 1 cm2, 5 cm2,.<span class=\"Apple-converted-space\">\u00a0<\/span><\/p>\n<p class=\"p2\">Modos de radiaci\u00f3n: continuo, pulso y super pulso<span class=\"Apple-converted-space\">\u00a0<\/span><\/p>\n<p class=\"p2\">CIclo de trabajo o ajuste de tiempo de pulso<span class=\"Apple-converted-space\">\u00a0<\/span><\/p>\n<p class=\"p2\">C\u00e1lculo autom\u00e1tico del tiempo de tratamiento en funci\u00f3n del \u00e1rea de tratamiento<span class=\"Apple-converted-space\">\u00a0<\/span><\/p>\n<p class=\"p2\">Modos dedicados para la operaci\u00f3n con aplicadores de fibra \u00f3ptica.<span class=\"Apple-converted-space\">\u00a0<\/span><\/p>\n<p class=\"p2\">Forma de onda: rectangular, triangular (superimpulso)<span class=\"Apple-converted-space\">\u00a0<\/span><\/p>\n<p class=\"p2\">Factor de trabajo: 1 &#8211; 90%, pulso 50 us<span class=\"Apple-converted-space\">\u00a0<\/span><\/p>\n<p class=\"p2\">Frecuencia: 1 &#8211; 10 000 Hz<span class=\"Apple-converted-space\">\u00a0<\/span><\/p>\n<p class=\"p2\">Potencia de salida m\u00e1xima: max. 18 W<span class=\"Apple-converted-space\">\u00a0<\/span><\/p>\n<p class=\"p2\">Potencia de salida media: max. 10W<span class=\"Apple-converted-space\">\u00a0<\/span><\/p>\n<p class=\"p2\">Temporizador de tratamiento: max 100 minutos<span class=\"Apple-converted-space\">\u00a0<\/span><\/p>\n<p class=\"p2\">Bot\u00f3n de parada de emergencia.<span class=\"Apple-converted-space\">\u00a0<\/span><\/p>\n<p class=\"p2\">Control autom\u00e1tico de testeo de la unidad.<span class=\"Apple-converted-space\">\u00a0<\/span><\/p>\n<p class=\"p2\">Suministro de red: 100- 230 V, 50-60 Hz, 130 W 150 VA<span class=\"Apple-converted-space\">\u00a0<\/span><\/p>\n<p class=\"p2\">Dimensiones: 36,1 \u00d7 30,40 \u00d7 15,1 cm<span class=\"Apple-converted-space\">\u00a0<\/span><\/p>\n<p class=\"p2\">Peso: 6 kg<span class=\"Apple-converted-space\">\u00a0<\/span><\/p>\n<p>&nbsp;<\/p>\n<p class=\"p2\"><b><i>L\u00c1SER DE ALTA INTENSIDAD Y BIOESTIMULACI\u00d3N 18W<span class=\"Apple-converted-space\">\u00a0<\/span><\/i><\/b><\/p>\n<p class=\"p3\"><b>PROGRAMAS DE TRATAMIENTO<span class=\"Apple-converted-space\">\u00a0<\/span><\/b><\/p>\n<ul>\n<li class=\"p4\">programas de tratamiento elegidos por nombre<span class=\"Apple-converted-space\">\u00a0<\/span><\/li>\n<li class=\"p4\">51 programas para tratamiento de terapia con l\u00e1ser de alta potencia<span class=\"Apple-converted-space\">\u00a0<\/span><\/li>\n<li class=\"p4\">57 programas para sondas puntuales<span class=\"Apple-converted-space\">\u00a0<\/span><\/li>\n<li class=\"p4\">26 programas para escanear aplicador<span class=\"Apple-converted-space\">\u00a0<\/span><\/li>\n<li class=\"p4\">54 programas para aplicador l\u00e1ser de racimo<span class=\"Apple-converted-space\">\u00a0<\/span><\/li>\n<li class=\"p4\">250 programas definidos por el usuario<span class=\"Apple-converted-space\">\u00a0<\/span><\/li>\n<li class=\"p4\">8 programas con frecuencia Nogier<span class=\"Apple-converted-space\">\u00a0<\/span><\/li>\n<li class=\"p4\">30 programas con frecuencia Voll<span class=\"Apple-converted-space\">\u00a0<\/span><\/li>\n<li class=\"p4\">lista de programas favoritos para cada aplicador<span class=\"Apple-converted-space\">\u00a0<\/span><\/li>\n<li class=\"p3\">enciclopedia terap\u00e9utica ilustrada<span class=\"Apple-converted-space\">\u00a0<\/span><\/li>\n<\/ul>\n<p class=\"p3\"><b>SECUENCIAS DE TRATAMIENTO<span class=\"Apple-converted-space\">\u00a0<\/span><\/b><\/p>\n<ul>\n<li class=\"p4\">simplificaci\u00f3n de la operaci\u00f3n de la unidad<span class=\"Apple-converted-space\">\u00a0<\/span><\/li>\n<li class=\"p3\">100 secuencias definidas por el usuario<span class=\"Apple-converted-space\">\u00a0<\/span><\/li>\n<\/ul>\n<p>&nbsp;<\/p>\n<p><b>I<\/b><b>NCLUYE:<span class=\"Apple-converted-space\">\u00a0<\/span><\/b><\/p>\n<ul>\n<li class=\"p6\">Cable de red<span class=\"Apple-converted-space\">\u00a0<\/span><\/li>\n<li class=\"p7\">Sonda HP (1 pieza)<span class=\"Apple-converted-space\">\u00a0<\/span><\/li>\n<li class=\"p6\">Adaptador de aplicaci\u00f3n &#8211; 1 cm2<span class=\"Apple-converted-space\">\u00a0<\/span><\/li>\n<li class=\"p6\">Adaptador de aplicaci\u00f3n &#8211; 5 cm2<span class=\"Apple-converted-space\">\u00a0<\/span><\/li>\n<li class=\"p7\">Adaptador de medici\u00f3n para sonda HP (1 ud.)<span class=\"Apple-converted-space\">\u00a0<\/span><\/li>\n<li class=\"p6\">Gafas protectoras (2 piezas)<span class=\"Apple-converted-space\">\u00a0<\/span><\/li>\n<li class=\"p6\">Bol\u00edgrafo con pantalla t\u00e1ctil (1 pieza)<span class=\"Apple-converted-space\">\u00a0<\/span><\/li>\n<li class=\"p6\">Enciclopedia terap\u00e9utica (1 pc)<span class=\"Apple-converted-space\">\u00a0<\/span><\/li>\n<li class=\"p7\">Gu\u00eda del usuario (1 pieza)<span class=\"Apple-converted-space\">\u00a0<\/span><\/li>\n<li class=\"p6\">Soportes de sonda puntual (2 piezas)<span class=\"Apple-converted-space\">\u00a0<\/span><\/li>\n<li class=\"p7\">Soporte de sonda HP (1 pieza)<span class=\"Apple-converted-space\">\u00a0<\/span><\/li>\n<li class=\"p8\">Pa\u00f1o de limpieza de pantalla t\u00e1ctil (1 pieza)<span class=\"Apple-converted-space\">\u00a0<\/span><\/li>\n<\/ul>\n<p class=\"p8\">Con el fin de permitir una terapia l\u00e1ser intratisular profunda eficiente y precisa, se ha desarrollado un adaptador DILA especial (Adaptador l\u00e1ser intratisular profundo). Est\u00e1 dise\u00f1ado espec\u00edficamente para un sistema \u00f3ptico que permite la formaci\u00f3n del haz l\u00e1ser para compensar la p\u00e9rdida de potencia en los tejidos superficiales. La aplicaci\u00f3n del adaptador reduce el efecto t\u00e9rmico en la piel y el tejido subcut\u00e1neo. Otra ventaja es la ubicaci\u00f3n m\u00e1s precisa del sitio de tratamiento. El m\u00e9todo DILT y el adaptador DILA son soluciones \u00fanicas de la compa\u00f1\u00eda ASTAR y est\u00e1n cubiertos por la protecci\u00f3n de propiedad de marca registrada.<span class=\"Apple-converted-space\">\u00a0<\/span><\/p>\n","protected":false},"excerpt":{"rendered":"<p class=\"p2\">La efectividad de los procedimientos de tratamiento con el uso de la unidad Polaris HP se basa en la aplicaci\u00f3n de una fuente de alta potencia de una sola longitud de onda que da como resultado una penetraci\u00f3n profunda en el tejido y un efecto t\u00e9rmico local, que no se observa en el caso de bajo nivel Terapia con l\u00e1ser. La fuente l\u00e1ser incorporada puede funcionar en modo continuo o de pulso con una potencia m\u00e1xima igual a 8 W. El modo de pulso se usa para reducir el efecto t\u00e9rmico. En el momento de exceder la potencia promedio de 4 W, la unidad muestra una advertencia adicional para evitar un sobrecalentamiento excesivo.<\/p>\n<p class=\"p3\"><b>ESPECIFICACI\u00d3N <\/b><\/p>\n<p class=\"p2\">Pantalla a color t\u00e1ctil de 7\u201d<\/p>\n<p class=\"p2\">Enciclopedia terap\u00e9utica con la descripci\u00f3n de los tratamientos.<\/p>\n<p class=\"p2\">2 Fuente l\u00e1ser de alta potencia incorporada &#8211; 808 nm \/ 8 W y 980 nm\/10 W<\/p>\n<p class=\"p2\">Dos adaptadores de aplicaci\u00f3n: 1 cm2, 5 cm2,.<\/p>\n<p class=\"p2\">Modos de radiaci\u00f3n: continuo, pulso y super pulso<\/p>\n<p class=\"p2\">CIclo de trabajo o ajuste de tiempo de pulso<\/p>\n<p class=\"p2\">C\u00e1lculo autom\u00e1tico del tiempo de tratamiento en funci\u00f3n del \u00e1rea de tratamiento<\/p>\n<p class=\"p2\">Modos dedicados para la operaci\u00f3n con aplicadores de fibra \u00f3ptica.<\/p>\n<p class=\"p2\">Forma de onda: rectangular, triangular (superimpulso)<\/p>\n<p class=\"p2\">Factor de trabajo: 1 &#8211; 90%, pulso 50 us<\/p>\n<p class=\"p2\">Frecuencia: 1 &#8211; 10 000 Hz<\/p>\n<p class=\"p2\">Potencia de salida m\u00e1xima: max. 18 W<\/p>\n<p class=\"p2\">Potencia de salida media: max. 10W<\/p>\n<p class=\"p2\">Temporizador de tratamiento: max 100 minutos<\/p>\n<p class=\"p2\">Bot\u00f3n de parada de emergencia.<\/p>\n<p class=\"p2\">Control autom\u00e1tico de testeo de la unidad.<\/p>\n<p class=\"p2\">Suministro de red: 100- 230 V, 50-60 Hz, 130 W 150 VA<\/p>\n<p class=\"p2\">Dimensiones: 36,1 \u00d7 30,40 \u00d7 15,1 cm<\/p>\n<p class=\"p2\">Peso: 6 kg<\/p>\n","protected":false},"featured_media":25911,"comment_status":"open","ping_status":"closed","template":"","meta":{"_acf_changed":false},"product_brand":[],"product_cat":[241],"product_tag":[],"class_list":{"0":"post-26026","1":"product","2":"type-product","3":"status-publish","4":"has-post-thumbnail","6":"product_cat-laserterapia","8":"first","9":"instock","10":"taxable","11":"shipping-taxable","12":"product-type-simple"},"acf":[],"_links":{"self":[{"href":"https:\/\/jmmedicalec.com\/nuevo\/wp-json\/wp\/v2\/product\/26026","targetHints":{"allow":["GET"]}}],"collection":[{"href":"https:\/\/jmmedicalec.com\/nuevo\/wp-json\/wp\/v2\/product"}],"about":[{"href":"https:\/\/jmmedicalec.com\/nuevo\/wp-json\/wp\/v2\/types\/product"}],"replies":[{"embeddable":true,"href":"https:\/\/jmmedicalec.com\/nuevo\/wp-json\/wp\/v2\/comments?post=26026"}],"version-history":[{"count":0,"href":"https:\/\/jmmedicalec.com\/nuevo\/wp-json\/wp\/v2\/product\/26026\/revisions"}],"wp:featuredmedia":[{"embeddable":true,"href":"https:\/\/jmmedicalec.com\/nuevo\/wp-json\/wp\/v2\/media\/25911"}],"wp:attachment":[{"href":"https:\/\/jmmedicalec.com\/nuevo\/wp-json\/wp\/v2\/media?parent=26026"}],"wp:term":[{"taxonomy":"product_brand","embeddable":true,"href":"https:\/\/jmmedicalec.com\/nuevo\/wp-json\/wp\/v2\/product_brand?post=26026"},{"taxonomy":"product_cat","embeddable":true,"href":"https:\/\/jmmedicalec.com\/nuevo\/wp-json\/wp\/v2\/product_cat?post=26026"},{"taxonomy":"product_tag","embeddable":true,"href":"https:\/\/jmmedicalec.com\/nuevo\/wp-json\/wp\/v2\/product_tag?post=26026"}],"curies":[{"name":"wp","href":"https:\/\/api.w.org\/{rel}","templated":true}]}}