{"id":26033,"date":"2022-12-16T17:54:03","date_gmt":"2022-12-16T17:54:03","guid":{"rendered":"https:\/\/jmmedicalec.com\/nuevo\/?post_type=product&#038;p=26033"},"modified":"2026-02-13T20:26:19","modified_gmt":"2026-02-13T20:26:19","slug":"la-magneto-pro","status":"publish","type":"product","link":"https:\/\/jmmedicalec.com\/nuevo\/product\/la-magneto-pro\/","title":{"rendered":"LA MAGNETO PRO 550 GAUSS"},"content":{"rendered":"<p class=\"p2\">LaMagneto PRO es un dispositivo de magnetoterapia que permite reducir el dolor, la inflamaci\u00f3n y regeneraci\u00f3n tanto de tejido blando como \u00f3seo. Cuenta con 63 programas terap\u00e9uticos preestablecidos, actualizados seg\u00fan los \u00faltimos estudios cl\u00ednicos,<span class=\"Apple-converted-space\">\u00a0<\/span><\/p>\n<p class=\"p2\">LA MAGNETO PRO es un <b><i>equipo con 2 canales de salida independientes para realizar diferentes tratamientos en dos partes del cuerpo simult\u00e1neamente<\/i><\/b>, incluso en parejas con lo cual dobla las posibilidades de tratamiento, cada salida tiene una potencia de 200 Gauss ofreciendo una potencia de 400 Gauss al usar 2 accesorios ,suficiente para tratar tejido blando tal como m\u00fasculos, ligamentos y tendones y tambi\u00e9n tejido \u00f3seo. Elecci\u00f3n de frecuencias de los campos magn\u00e9ticos entre 1 y 120 Hz. Pantalla grande en color y dos canales de salida completamente independientes para realizar dos terapias diferentes al mismo tiempo.<span class=\"Apple-converted-space\">\u00a0<\/span><\/p>\n<p class=\"p3\">\u2022 Magnetoterapia con campos electromagn\u00e9ticos pulsados (CEMP)<span class=\"Apple-converted-space\">\u00a0<\/span><\/p>\n<p class=\"p3\">\u2022 Dos canales independientes<span class=\"Apple-converted-space\">\u00a0<\/span><\/p>\n<p class=\"p3\">\u2022 Pantalla a color<span class=\"Apple-converted-space\">\u00a0<\/span><\/p>\n<p class=\"p3\">\u2022 Intensidad del campo magn\u00e9tico hasta 200 gauss por canal, Total 400 Gauss<span class=\"Apple-converted-space\">\u00a0<\/span><\/p>\n<p class=\"p3\">\u2022 Frecuencia de 1 a 120 Hz<span class=\"Apple-converted-space\">\u00a0<\/span><\/p>\n<p class=\"p3\">\u2022 63 Programas preestablecidos.<span class=\"Apple-converted-space\">\u00a0<\/span><\/p>\n<p class=\"p3\">\u2022 Paciente doble<span class=\"Apple-converted-space\">\u00a0<\/span><\/p>\n<p class=\"p4\">\u2022 Lista \u00daltimos 10 programas utilizados<span class=\"Apple-converted-space\">\u00a0<\/span><\/p>\n<p>&nbsp;<\/p>\n<p class=\"p2\"><b>PROGRAMAS:<span class=\"Apple-converted-space\">\u00a0<\/span><\/b><\/p>\n<ul>\n<li class=\"p2\">Osteoporosis\/Artrosis\/Artritis\/Artrosis cervical\/Dolor articular\/Cervicalgia\/Dolor cr\u00f3nico\/Fractura\/Epicondilitis\/Epitrocleitis\/Pseudoartrosis\/Lumbalgia\/Dolor lumbo-sacro\/Artrosis hombro\/Artrosis rodilla<span class=\"Apple-converted-space\">\u00a0<\/span><\/li>\n<li class=\"p2\">Periartritis escapulo humeral\/Coxartrosis\/Atrofia Muscular\/Tratamiento muscular\/Osteonecrosis\/Algodistrofia\/Lesi\u00f3n cart\u00edlago\/Lesi\u00f3n ligamento\/Edema \u00f3seo\/Tendinitis\/Condropat\u00eda\/Anti-inflamatorio\/Latigazo cervical\/Cicatrizaci\u00f3n\/Ulcera cut\u00e1nea<span class=\"Apple-converted-space\">\u00a0<\/span><\/li>\n<li class=\"p2\">Discopatia\/Mialgia\/Neuropat\u00eda\/Desgarro muscular\/Calambre muscular\/Rizartrosis\/S\u00edndrome de Impe-dimento\/T\u00fanel carpiano\/Pr\u00f3tesis titanio\/Manguito rotador\/T\u00fanel del tarso\/Nocturno 1 Hz\/Nocturno 15 Hz\/Nocturno o 50 Hz\/Nocturno 75 Hz\/Escaneo autom\u00e1tico<span class=\"Apple-converted-space\">\u00a0<\/span><\/li>\n<li class=\"p2\">Trat. 1 Hz\/Trat. 3 Hz\/Trat. 5 Hz\/Trat. 8 Hz\/Trat. 10 Hz\/Trat. 15 Hz\/Trat. 16 Hz\/Trat. 20 Hz\/Trat. 30 Hz\/Trat. 40 Hz\/Trat. 50 Hz\/Trat. 60 Hz\/Trat. 70 Hz\/Trat. 75 Hz\/Trat. 80 Hz\/Trat. 90 Hz\/Trat. 100 Hz<span class=\"Apple-converted-space\">\u00a0<\/span><\/li>\n<\/ul>\n<p class=\"p2\"><b>INCLUYE<span class=\"Apple-converted-space\">\u00a0<\/span><\/b><\/p>\n<p class=\"p3\">1 LA MAGNETO PRO<span class=\"Apple-converted-space\">\u00a0<\/span><\/p>\n<p class=\"p3\">1 Faja el\u00e1stica terap\u00e9utica de 3 solenoides<span class=\"Apple-converted-space\">\u00a0<\/span><\/p>\n<p class=\"p3\">2 Bobinas planas<span class=\"Apple-converted-space\">\u00a0<\/span><\/p>\n<p class=\"p3\">1 Alimentador<span class=\"Apple-converted-space\">\u00a0<\/span><\/p>\n<p class=\"p3\">1 Manual de empleo y posiciones faja<span class=\"Apple-converted-space\">\u00a0<\/span><\/p>\n<p class=\"p3\">1 Bolsa para el transporte<span class=\"Apple-converted-space\">\u00a0<\/span><\/p>\n","protected":false},"excerpt":{"rendered":"<p class=\"p2\">LaMagneto PRO es un dispositivo de magnetoterapia que permite reducir el dolor, la inflamaci\u00f3n y regeneraci\u00f3n tanto de tejido blando como \u00f3seo. Cuenta con 63 programas terap\u00e9uticos preestablecidos, actualizados seg\u00fan los \u00faltimos estudios cl\u00ednicos,<\/p>\n<p class=\"p2\">LA MAGNETO PRO es un <b><i>equipo con 2 canales de salida independientes para realizar diferentes tratamientos en dos partes del cuerpo simult\u00e1neamente<\/i><\/b>, incluso en parejas con lo cual dobla las posibilidades de tratamiento, cada salida tiene una potencia de 200 Gauss ofreciendo una potencia de 400 Gauss al usar 2 accesorios ,suficiente para tratar tejido blando tal como m\u00fasculos, ligamentos y tendones y tambi\u00e9n tejido \u00f3seo. Elecci\u00f3n de frecuencias de los campos magn\u00e9ticos entre 1 y 100 Hz. Pantalla grande en color y dos canales de salida completamente independientes para realizar dos terapias diferentes al mismo tiempo.<\/p>\n<p class=\"p3\">\u2022 Magnetoterapia con campos electromagn\u00e9ticos pulsados (CEMP)<\/p>\n<p class=\"p3\">\u2022 Dos canales independientes<\/p>\n<p class=\"p3\">\u2022 Pantalla a color<\/p>\n<p class=\"p3\">\u2022 Intensidad del campo magn\u00e9tico hasta 200 gauss por canal, Total 400 Gauss<\/p>\n<p class=\"p3\">\u2022 Frecuencia de 1 a 120 Hz<\/p>\n<p class=\"p3\">\u2022 63 Programas preestablecidos.<\/p>\n<p class=\"p3\">\u2022 Paciente doble<\/p>\n<p class=\"p4\">\u2022 Lista \u00daltimos 10 programas utilizados<\/p>\n","protected":false},"featured_media":25939,"comment_status":"open","ping_status":"closed","template":"","meta":{"_acf_changed":false},"product_brand":[],"product_cat":[243],"product_tag":[],"class_list":{"0":"post-26033","1":"product","2":"type-product","3":"status-publish","4":"has-post-thumbnail","6":"product_cat-magnetoterapia","8":"first","9":"instock","10":"taxable","11":"shipping-taxable","12":"purchasable","13":"product-type-simple"},"acf":[],"_links":{"self":[{"href":"https:\/\/jmmedicalec.com\/nuevo\/wp-json\/wp\/v2\/product\/26033","targetHints":{"allow":["GET"]}}],"collection":[{"href":"https:\/\/jmmedicalec.com\/nuevo\/wp-json\/wp\/v2\/product"}],"about":[{"href":"https:\/\/jmmedicalec.com\/nuevo\/wp-json\/wp\/v2\/types\/product"}],"replies":[{"embeddable":true,"href":"https:\/\/jmmedicalec.com\/nuevo\/wp-json\/wp\/v2\/comments?post=26033"}],"version-history":[{"count":5,"href":"https:\/\/jmmedicalec.com\/nuevo\/wp-json\/wp\/v2\/product\/26033\/revisions"}],"predecessor-version":[{"id":28163,"href":"https:\/\/jmmedicalec.com\/nuevo\/wp-json\/wp\/v2\/product\/26033\/revisions\/28163"}],"wp:featuredmedia":[{"embeddable":true,"href":"https:\/\/jmmedicalec.com\/nuevo\/wp-json\/wp\/v2\/media\/25939"}],"wp:attachment":[{"href":"https:\/\/jmmedicalec.com\/nuevo\/wp-json\/wp\/v2\/media?parent=26033"}],"wp:term":[{"taxonomy":"product_brand","embeddable":true,"href":"https:\/\/jmmedicalec.com\/nuevo\/wp-json\/wp\/v2\/product_brand?post=26033"},{"taxonomy":"product_cat","embeddable":true,"href":"https:\/\/jmmedicalec.com\/nuevo\/wp-json\/wp\/v2\/product_cat?post=26033"},{"taxonomy":"product_tag","embeddable":true,"href":"https:\/\/jmmedicalec.com\/nuevo\/wp-json\/wp\/v2\/product_tag?post=26033"}],"curies":[{"name":"wp","href":"https:\/\/api.w.org\/{rel}","templated":true}]}}