{"id":26049,"date":"2022-12-16T19:19:13","date_gmt":"2022-12-16T19:19:13","guid":{"rendered":"https:\/\/jmmedicalec.com\/nuevo\/?post_type=product&#038;p=26049"},"modified":"2025-07-29T20:22:35","modified_gmt":"2025-07-29T20:22:35","slug":"magnetoterapia-hospitalaria-de-3ra-generacion-de-500-gauss-con-indicador-sensorial-de-la-actividad-magnetica-con-pantalla-a-color-tactil-de-7","status":"publish","type":"product","link":"https:\/\/jmmedicalec.com\/nuevo\/product\/magnetoterapia-hospitalaria-de-3ra-generacion-de-500-gauss-con-indicador-sensorial-de-la-actividad-magnetica-con-pantalla-a-color-tactil-de-7\/","title":{"rendered":"MAGNETOTERAPIA HOSPITALARIA DE 3RA GENERACI\u00d3N DE 500 GAUSS CON INDICADOR SENSORIAL DE LA ACTIVIDAD MAGN\u00c9TICA CON PANTALLA A COLOR T\u00c1CTIL DE 7\u201d"},"content":{"rendered":"<p class=\"p2\">\u2022 <span class=\"s1\">4 canales de salida, <\/span>tratamientos en modo dual: 2 pacientes a la vez con<span class=\"Apple-converted-space\">\u00a0<\/span>diferente patolog\u00edas<span class=\"Apple-converted-space\">\u00a0<\/span><\/p>\n<p class=\"p2\">\u2022 Indicador visual de la actividad del campo magn\u00e9tico &#8211; iluminador<span class=\"Apple-converted-space\">\u00a0<\/span><\/p>\n<p class=\"p2\">\u2022 Indicador sensorial de la actividad del campo magn\u00e9tico &#8211; rayas magn\u00e9ticas<span class=\"Apple-converted-space\">\u00a0<\/span><\/p>\n<p class=\"p2\">\u2022 Rango de frecuencia del campo magn\u00e9tico 0 a 50 Hz<span class=\"Apple-converted-space\">\u00a0<\/span><\/p>\n<p class=\"p2\">\u2022 Cuatro canales de salida, 2 canales de tratamiento son independientes.<span class=\"Apple-converted-space\">\u00a0<\/span><\/p>\n<p class=\"p2\">\u2022 Pantalla t\u00e1ctil en color de 7 &#8220;<span class=\"Apple-converted-space\">\u00a0<\/span><\/p>\n<p class=\"p2\">\u2022 Modo de funcionamiento: programa \/ manual<span class=\"Apple-converted-space\">\u00a0<\/span><\/p>\n<p class=\"p2\">\u2022 Programas de tratamiento incorporados<span class=\"Apple-converted-space\">\u00a0<\/span><\/p>\n<p class=\"p2\">\u2022 Patolog\u00edas de enfermedad seleccionadas por nombre o campo<span class=\"Apple-converted-space\">\u00a0<\/span><\/p>\n<p class=\"p2\">\u2022 Enciclopedia ilustrada con una descripci\u00f3n de la metodolog\u00eda del tratamiento.<span class=\"Apple-converted-space\">\u00a0<\/span><\/p>\n<p class=\"p2\">\u2022 Posibilidad de editar nombres de programas y secuencias de usuarios.<span class=\"Apple-converted-space\">\u00a0<\/span><\/p>\n<p class=\"p2\">\u2022 Inducci\u00f3n nominal m\u00e1xima magn\u00e9tica de 500 gauss. (250 por cada placa)<span class=\"Apple-converted-space\">\u00a0<\/span><\/p>\n<p class=\"p2\">\u2022 Control de volumen del sonido de se\u00f1alizaci\u00f3n.<span class=\"Apple-converted-space\">\u00a0<\/span><\/p>\n<p class=\"p2\">\u2022 Auto prueba &#8211; Verificaci\u00f3n actual del rendimiento de la unidad.<span class=\"Apple-converted-space\">\u00a0<\/span><\/p>\n<p class=\"p2\">\u2022 Forma del campo: rectangular modificada, triangular, sinusoidal, impulso, mitad rectangular modificada, semi-triangular, medio seno, medio pulso<span class=\"Apple-converted-space\">\u00a0<\/span><\/p>\n<p class=\"p2\">\u2022 Emisi\u00f3n continua y por impulso.<span class=\"Apple-converted-space\">\u00a0<\/span><\/p>\n<p class=\"p2\">\u2022 Amplio rango de frecuencia<span class=\"Apple-converted-space\">\u00a0<\/span><\/p>\n<p class=\"p2\">\u2022 Alta inducci\u00f3n del campo magn\u00e9tico.<span class=\"Apple-converted-space\">\u00a0<\/span><\/p>\n<p class=\"p2\">MODO MANUAL<span class=\"Apple-converted-space\">\u00a0<\/span><\/p>\n<p class=\"p2\">Control total sobre los par\u00e1metros de tratamiento para los usuarios avanzados.<span class=\"Apple-converted-space\">\u00a0<\/span><\/p>\n<p class=\"p2\">\u2022 45 programas de tratamiento incorporados.<span class=\"Apple-converted-space\">\u00a0<\/span><\/p>\n<p class=\"p2\">\u2022 44 programas de tratamiento incorporados para el modo dual.<span class=\"Apple-converted-space\">\u00a0<\/span><\/p>\n<p class=\"p2\">\u2022 50 programas definidos por el usuario<span class=\"Apple-converted-space\">\u00a0<\/span><\/p>\n<p class=\"p2\">\u2022 Programas favoritos<span class=\"Apple-converted-space\">\u00a0<\/span><\/p>\n<p class=\"p2\">SECUENCIAS DE TRATAMIENTO<span class=\"Apple-converted-space\">\u00a0<\/span><\/p>\n<p class=\"p2\">\u2022 Operaci\u00f3n simplificada en la unidad<span class=\"Apple-converted-space\">\u00a0<\/span><\/p>\n<p class=\"p2\">\u2022 10 secuencias definidas por el usuario<span class=\"Apple-converted-space\">\u00a0<\/span><\/p>\n","protected":false},"excerpt":{"rendered":"<p class=\"p2\">\u2022 <span class=\"s1\">4 canales de salida, <\/span>tratamientos en modo dual: 2 pacientes a la vez con diferente patolog\u00edas<\/p>\n<p class=\"p2\">\u2022 Indicador visual de la actividad del campo magn\u00e9tico &#8211; iluminador<\/p>\n<p class=\"p2\">\u2022 Indicador sensorial de la actividad del campo magn\u00e9tico &#8211; rayas magn\u00e9ticas<\/p>\n<p class=\"p2\">\u2022 Rango de frecuencia del campo magn\u00e9tico 0 a 50 Hz<\/p>\n<p class=\"p2\">\u2022 Cuatro canales de salida, 2 canales de tratamiento son independientes.<\/p>\n<p class=\"p2\">\u2022 Pantalla t\u00e1ctil en color de 7 &#8220;<\/p>\n<p class=\"p2\">\u2022 Modo de funcionamiento: programa \/ manual<\/p>\n<p class=\"p2\">\u2022 Programas de tratamiento incorporados<\/p>\n<p class=\"p2\">\u2022 Patolog\u00edas de enfermedad seleccionadas por nombre o campo<\/p>\n<p class=\"p2\">\u2022 Enciclopedia ilustrada con una descripci\u00f3n de la metodolog\u00eda del tratamiento.<\/p>\n<p class=\"p2\">\u2022 Posibilidad de editar nombres de programas y secuencias de usuarios.<\/p>\n<p class=\"p2\">\u2022 Inducci\u00f3n nominal m\u00e1xima magn\u00e9tica de 500 gauss. (250 por cada placa)<\/p>\n<p class=\"p2\">\u2022 Control de volumen del sonido de se\u00f1alizaci\u00f3n.<\/p>\n<p class=\"p2\">\u2022 Auto prueba &#8211; Verificaci\u00f3n actual del rendimiento de la unidad.<\/p>\n<p class=\"p2\">\u2022 Forma del campo: rectangular modificada, triangular, sinusoidal, impulso, mitad rectangular modificada, semi-triangular, medio seno, medio pulso<\/p>\n<p class=\"p2\">\u2022 Emisi\u00f3n continua y por impulso.<\/p>\n<p class=\"p2\">\u2022 Amplio rango de frecuencia<\/p>\n<p class=\"p2\">\u2022 Alta inducci\u00f3n del campo magn\u00e9tico.<\/p>\n","protected":false},"featured_media":28018,"comment_status":"open","ping_status":"closed","template":"","meta":{"_acf_changed":false},"product_brand":[],"product_cat":[243],"product_tag":[],"class_list":{"0":"post-26049","1":"product","2":"type-product","3":"status-publish","4":"has-post-thumbnail","6":"product_cat-magnetoterapia","8":"first","9":"instock","10":"taxable","11":"shipping-taxable","12":"product-type-simple"},"acf":[],"_links":{"self":[{"href":"https:\/\/jmmedicalec.com\/nuevo\/wp-json\/wp\/v2\/product\/26049","targetHints":{"allow":["GET"]}}],"collection":[{"href":"https:\/\/jmmedicalec.com\/nuevo\/wp-json\/wp\/v2\/product"}],"about":[{"href":"https:\/\/jmmedicalec.com\/nuevo\/wp-json\/wp\/v2\/types\/product"}],"replies":[{"embeddable":true,"href":"https:\/\/jmmedicalec.com\/nuevo\/wp-json\/wp\/v2\/comments?post=26049"}],"version-history":[{"count":1,"href":"https:\/\/jmmedicalec.com\/nuevo\/wp-json\/wp\/v2\/product\/26049\/revisions"}],"predecessor-version":[{"id":28019,"href":"https:\/\/jmmedicalec.com\/nuevo\/wp-json\/wp\/v2\/product\/26049\/revisions\/28019"}],"wp:featuredmedia":[{"embeddable":true,"href":"https:\/\/jmmedicalec.com\/nuevo\/wp-json\/wp\/v2\/media\/28018"}],"wp:attachment":[{"href":"https:\/\/jmmedicalec.com\/nuevo\/wp-json\/wp\/v2\/media?parent=26049"}],"wp:term":[{"taxonomy":"product_brand","embeddable":true,"href":"https:\/\/jmmedicalec.com\/nuevo\/wp-json\/wp\/v2\/product_brand?post=26049"},{"taxonomy":"product_cat","embeddable":true,"href":"https:\/\/jmmedicalec.com\/nuevo\/wp-json\/wp\/v2\/product_cat?post=26049"},{"taxonomy":"product_tag","embeddable":true,"href":"https:\/\/jmmedicalec.com\/nuevo\/wp-json\/wp\/v2\/product_tag?post=26049"}],"curies":[{"name":"wp","href":"https:\/\/api.w.org\/{rel}","templated":true}]}}