{"id":26062,"date":"2022-12-16T20:05:32","date_gmt":"2022-12-16T20:05:32","guid":{"rendered":"https:\/\/jmmedicalec.com\/nuevo\/?post_type=product&#038;p=26062"},"modified":"2023-01-26T02:02:44","modified_gmt":"2023-01-26T02:02:44","slug":"equipo-combinado-de-3ra-generacion-2-en-1-physio-go-601c-con-pantalla-a-color-tactil-de-7-ultrasonido-laser-bioestimulante-ir-400","status":"publish","type":"product","link":"https:\/\/jmmedicalec.com\/nuevo\/product\/equipo-combinado-de-3ra-generacion-2-en-1-physio-go-601c-con-pantalla-a-color-tactil-de-7-ultrasonido-laser-bioestimulante-ir-400\/","title":{"rendered":"EQUIPO COMBINADO DE 3RA. GENERACI\u00d3N 2 EN 1 \u201cPHYSIO GO 601C\u201d CON PANTALLA A COLOR T\u00c1CTIL DE 7\u201d ULTRASONIDO + L\u00c1SER BIOESTIMULANTE IR 400"},"content":{"rendered":"<p class=\"p2\">Dispone de 1 Cabezal con frecuencias de trabajo de 1 y 3 Mhz y 1 aplicador laser de 808 nm y 400 mW .<span class=\"Apple-converted-space\">\u00a0<\/span><\/p>\n<p class=\"p2\"><b>Sistema de contacto de cabezal, <\/b>para garantizar tiempo efectivo de tratamiento.<span class=\"Apple-converted-space\">\u00a0<\/span><\/p>\n<p class=\"p2\">Ciclos de operaci\u00f3n desde: 10% , 25%, 50%; o modo continuo.<span class=\"Apple-converted-space\">\u00a0<\/span><\/p>\n<p class=\"p2\">Puede ser programado en forma independiente o autom\u00e1ticamente.<span class=\"Apple-converted-space\">\u00a0<\/span><\/p>\n<p class=\"p2\">Pantalla, para visualizaci\u00f3n de par\u00e1metros como:<span class=\"Apple-converted-space\">\u00a0<\/span><\/p>\n<p class=\"p2\">Tiempo de tratamiento, con se\u00f1al ac\u00fastica de fin de tratamiento.<span class=\"Apple-converted-space\">\u00a0<\/span><\/p>\n<p class=\"p2\">Modo de operaci\u00f3n, Frecuencia de operaci\u00f3n.<span class=\"Apple-converted-space\">\u00a0<\/span><\/p>\n<p class=\"p2\">Tama\u00f1o del cabezal que se est\u00e1 usando<span class=\"Apple-converted-space\">\u00a0<\/span><\/p>\n<p class=\"p2\">Funciones de operaci\u00f3n en idioma Espa\u00f1ol.<span class=\"Apple-converted-space\">\u00a0<\/span><\/p>\n<p class=\"p2\">Funciona con corriente de 115 V. 50\/60 Hz.<span class=\"Apple-converted-space\">\u00a0<\/span><\/p>\n<p class=\"p2\">Dimensiones del producto: 21 x 29 x 11.05 cm (largo-ancho-alto)<span class=\"Apple-converted-space\">\u00a0<\/span><\/p>\n<p class=\"p2\">Peso del producto: 4.63 lb sin accesorios<span class=\"Apple-converted-space\">\u00a0<\/span><\/p>\n<p class=\"p2\">L\u00e1ser con aplicador de 808nm y 400 Mw<span class=\"Apple-converted-space\">\u00a0<\/span><\/p>\n<p class=\"p3\"><b>M\u00e1xima potencia de 400 mW.<span class=\"Apple-converted-space\">\u00a0<\/span><\/b><\/p>\n<p class=\"p4\"><b>Elecci\u00f3n de 4 potencias en 1 solo aplicador :100 \/ 200 \/ 300 \/ 400 mW .<span class=\"Apple-converted-space\">\u00a0<\/span><\/b><\/p>\n<p class=\"p2\">Tipo de l\u00e1ser de diodo led GaAs.<span class=\"Apple-converted-space\">\u00a0<\/span><\/p>\n<p class=\"p2\">Aplicadores de fibra \u00f3ptica para tratamientos especiales en ORL (pre o post operatorio), ATM, Odontolog\u00eda (pre o post operatorio) <span class=\"s1\">(ver accesorios)<span class=\"Apple-converted-space\">\u00a0<\/span><\/span><\/p>\n<p class=\"p5\">OPCIONAL ver accesorios)<span class=\"Apple-converted-space\">\u00a0<\/span><\/p>\n<p class=\"p2\">C\u00e1lculo autom\u00e1tico de los par\u00e1metros en base al tratamiento como dosificaci\u00f3n, intensidad, factor de trabajo, tiempo, \u00e1rea.<span class=\"Apple-converted-space\">\u00a0<\/span><\/p>\n<p class=\"p5\">OPCI\u00d3N DE INCREMENTAR APLICADOR CLUSTER (ver accesorios)<span class=\"Apple-converted-space\">\u00a0<\/span><\/p>\n<p class=\"p2\">\u2022 195 programas pre establecidos de f\u00e1brica. \u2022 250 memorias para guardar programas por el especialista. \u2022 195 programas favoritos \u2022 30 programas para acupuntura seg\u00fan con Voll \u2022 8 programas para acupuntura seg\u00fan Nogier<span class=\"Apple-converted-space\">\u00a0<\/span><\/p>\n<p class=\"p2\"><b>El equipo incluye:<span class=\"Apple-converted-space\">\u00a0<\/span><\/b><\/p>\n<p class=\"p2\">1 Unidad base<span class=\"Apple-converted-space\">\u00a0<\/span><\/p>\n<p class=\"p2\">1 Cabezal de ultrasonido de 1 y 3 Mhz<span class=\"Apple-converted-space\">\u00a0<\/span><\/p>\n<p class=\"p2\">1 Cabezal puntual para laser de 808nm y 400 mW<span class=\"Apple-converted-space\">\u00a0<\/span><\/p>\n<p class=\"p2\">1 Manual de operaci\u00f3n<span class=\"Apple-converted-space\">\u00a0<\/span><\/p>\n<p class=\"p2\">1 Cable de conexi\u00f3n a corriente el\u00e9ctrica.<span class=\"Apple-converted-space\">\u00a0<\/span><\/p>\n","protected":false},"excerpt":{"rendered":"<p class=\"p2\">Dispone de 1 Cabezal con frecuencias de trabajo de 1 y 3 Mhz y 1 aplicador laser de 808 nm y 400 mW .<\/p>\n<p class=\"p2\"><b>Sistema de contacto de cabezal, <\/b>para garantizar tiempo efectivo de tratamiento.<\/p>\n<p class=\"p2\">Ciclos de operaci\u00f3n desde: 10% , 25%, 50%; o modo continuo.<\/p>\n<p class=\"p2\">Puede ser programado en forma independiente o autom\u00e1ticamente.<\/p>\n<p class=\"p2\">Pantalla, para visualizaci\u00f3n de par\u00e1metros como:<\/p>\n<p class=\"p2\">Tiempo de tratamiento, con se\u00f1al ac\u00fastica de fin de tratamiento.<\/p>\n<p class=\"p2\">Modo de operaci\u00f3n, Frecuencia de operaci\u00f3n.<\/p>\n<p class=\"p2\">Tama\u00f1o del cabezal que se est\u00e1 usando<\/p>\n<p class=\"p2\">Funciones de operaci\u00f3n en idioma Espa\u00f1ol.<\/p>\n<p class=\"p2\">Funciona con corriente de 115 V. 50\/60 Hz.<\/p>\n<p class=\"p2\">Dimensiones del producto: 21 x 29 x 11.05 cm (largo-ancho-alto)<\/p>\n<p class=\"p2\">Peso del producto: 4.63 lb sin accesorios<\/p>\n<p class=\"p2\">L\u00e1ser con aplicador de 808nm y 400 Mw<\/p>\n<p class=\"p3\"><b>M\u00e1xima potencia de 400 mW. <\/b><\/p>\n<p class=\"p4\"><b>Elecci\u00f3n de 4 potencias en 1 solo aplicador :100 \/ 200 \/ 300 \/ 400 mW . <\/b><\/p>\n<p class=\"p2\">Tipo de l\u00e1ser de diodo led GaAs.<\/p>\n<p class=\"p2\">Aplicadores de fibra \u00f3ptica para tratamientos especiales en ORL (pre o post operatorio), ATM, Odontolog\u00eda (pre o post operatorio) <span class=\"s1\">(ver accesorios) <\/span><\/p>\n<p class=\"p5\">OPCIONAL ver accesorios)<\/p>\n<p class=\"p2\">C\u00e1lculo autom\u00e1tico de los par\u00e1metros en base al tratamiento como dosificaci\u00f3n, intensidad, factor de trabajo, tiempo, \u00e1rea.<\/p>\n<p class=\"p5\">OPCI\u00d3N DE INCREMENTAR APLICADOR CLUSTER (ver accesorios)<\/p>\n<p class=\"p2\">\u2022 195 programas pre establecidos de f\u00e1brica. \u2022 250 memorias para guardar programas por el especialista. \u2022 195 programas favoritos \u2022 30 programas para acupuntura seg\u00fan con Voll \u2022 8 programas para acupuntura seg\u00fan Nogier<\/p>\n","protected":false},"featured_media":25899,"comment_status":"open","ping_status":"closed","template":"","meta":{"_acf_changed":false},"product_brand":[],"product_cat":[245],"product_tag":[],"class_list":{"0":"post-26062","1":"product","2":"type-product","3":"status-publish","4":"has-post-thumbnail","6":"product_cat-equipos-combinados","8":"first","9":"instock","10":"taxable","11":"shipping-taxable","12":"product-type-simple"},"acf":[],"_links":{"self":[{"href":"https:\/\/jmmedicalec.com\/nuevo\/wp-json\/wp\/v2\/product\/26062","targetHints":{"allow":["GET"]}}],"collection":[{"href":"https:\/\/jmmedicalec.com\/nuevo\/wp-json\/wp\/v2\/product"}],"about":[{"href":"https:\/\/jmmedicalec.com\/nuevo\/wp-json\/wp\/v2\/types\/product"}],"replies":[{"embeddable":true,"href":"https:\/\/jmmedicalec.com\/nuevo\/wp-json\/wp\/v2\/comments?post=26062"}],"version-history":[{"count":2,"href":"https:\/\/jmmedicalec.com\/nuevo\/wp-json\/wp\/v2\/product\/26062\/revisions"}],"predecessor-version":[{"id":26858,"href":"https:\/\/jmmedicalec.com\/nuevo\/wp-json\/wp\/v2\/product\/26062\/revisions\/26858"}],"wp:featuredmedia":[{"embeddable":true,"href":"https:\/\/jmmedicalec.com\/nuevo\/wp-json\/wp\/v2\/media\/25899"}],"wp:attachment":[{"href":"https:\/\/jmmedicalec.com\/nuevo\/wp-json\/wp\/v2\/media?parent=26062"}],"wp:term":[{"taxonomy":"product_brand","embeddable":true,"href":"https:\/\/jmmedicalec.com\/nuevo\/wp-json\/wp\/v2\/product_brand?post=26062"},{"taxonomy":"product_cat","embeddable":true,"href":"https:\/\/jmmedicalec.com\/nuevo\/wp-json\/wp\/v2\/product_cat?post=26062"},{"taxonomy":"product_tag","embeddable":true,"href":"https:\/\/jmmedicalec.com\/nuevo\/wp-json\/wp\/v2\/product_tag?post=26062"}],"curies":[{"name":"wp","href":"https:\/\/api.w.org\/{rel}","templated":true}]}}