{"id":26066,"date":"2022-12-16T20:13:15","date_gmt":"2022-12-16T20:13:15","guid":{"rendered":"https:\/\/jmmedicalec.com\/nuevo\/?post_type=product&#038;p=26066"},"modified":"2023-01-26T01:57:30","modified_gmt":"2023-01-26T01:57:30","slug":"equipo-combinado-de-3ra-generacion-4-en-1-physio-go-701i-con-pantalla-a-color-tactil-de-7-ultrasonido-electroestimulacion-laser-magnetoterapia","status":"publish","type":"product","link":"https:\/\/jmmedicalec.com\/nuevo\/product\/equipo-combinado-de-3ra-generacion-4-en-1-physio-go-701i-con-pantalla-a-color-tactil-de-7-ultrasonido-electroestimulacion-laser-magnetoterapia\/","title":{"rendered":"EQUIPO COMBINADO DE 3RA. GENERACI\u00d3N 4 EN 1 \u201cPHYSIO GO 701I\u201d CON PANTALLA A COLOR T\u00c1CTIL DE 7\u201d ULTRASONIDO + ELECTROESTIMULACION + L\u00c1SER + MAGNETOTERAPIA"},"content":{"rendered":"<p class=\"p2\">Equipo con 2 canales independientes de electroterapia, 1 canal para laser terapia o magnetoterapia y 1 canal para ultrasonido<span class=\"Apple-converted-space\">\u00a0<\/span><\/p>\n<p class=\"p2\">Controlado por microprocesador.<span class=\"Apple-converted-space\">\u00a0<\/span><\/p>\n<p class=\"p2\">Pantalla a color t\u00e1ctil de 7\u201d<span class=\"Apple-converted-space\">\u00a0<\/span><\/p>\n<p class=\"p2\">Puede ser programado en forma manual o autom\u00e1tica, gracias a sus protocolos Cl\u00ednicos.<span class=\"Apple-converted-space\">\u00a0<\/span><\/p>\n<p class=\"p2\">Biblioteca cl\u00ednica que permite visualizar colocaci\u00f3n de electrodos, tiempo de tratamiento, tipo de corriente, duraci\u00f3n de tratamiento, etc.<span class=\"Apple-converted-space\">\u00a0<\/span><\/p>\n<p class=\"p3\"><b>Software de autochequeo autom\u00e1tico en el equipo.<span class=\"Apple-converted-space\">\u00a0<\/span><\/b><\/p>\n<p class=\"p3\"><b>Sistema de revisi\u00f3n calidad de electrodos.<span class=\"Apple-converted-space\">\u00a0<\/span><\/b><\/p>\n<p class=\"p2\">382 Programas de tratamiento seleccionados por nombre o zona terap\u00e9utica<span class=\"Apple-converted-space\">\u00a0<\/span><\/p>\n<p class=\"p2\">38 secuencias de tratamiento pre programadas para electroterapia<\/p>\n<p class=\"p2\"><b><i>Tecnolog\u00cda autom\u00e1tica de estimulaci\u00f3n que ajusta par\u00e1metros de intensidad a la fisiolog\u00eda despu\u00e9s de cada per\u00cdodo de acomodaci\u00f3n, sin necesidad que el especialista acuda a subir la misma)<span class=\"Apple-converted-space\">\u00a0<\/span><\/i><\/b><\/p>\n<p class=\"p2\">10 secuencias de tratamiento programables para electroterapia<span class=\"Apple-converted-space\">\u00a0<\/span><\/p>\n<p class=\"p2\">400 memorias para guardar programas.<span class=\"Apple-converted-space\">\u00a0<\/span><\/p>\n<p class=\"p2\">38 programas para acupuntura<span class=\"Apple-converted-space\">\u00a0<\/span><\/p>\n<p class=\"p2\"><b>Tipos de corrientes:<span class=\"Apple-converted-space\">\u00a0<\/span><\/b><\/p>\n<p class=\"p2\">Interferencial: tetrapolar, bipolar (Premodulado) y esc\u00e1ner de vector manual<span class=\"Apple-converted-space\">\u00a0<\/span><\/p>\n<p class=\"p2\">Rusa: continuo, ciclo programado<span class=\"Apple-converted-space\">\u00a0<\/span><\/p>\n<p class=\"p2\">Corriente directa: Galv\u00e1nica, frecuencia media<span class=\"Apple-converted-space\">\u00a0<\/span><\/p>\n<p class=\"p2\">Monof\u00e1sica: continua, ciclo programado, rectangular pulsado, triangular pulsado, ondulada<span class=\"Apple-converted-space\">\u00a0<\/span><\/p>\n<p class=\"p2\">VMS: continua, ciclo programado y r\u00e1fagas (Burst).<span class=\"Apple-converted-space\">\u00a0<\/span><\/p>\n<p class=\"p2\">TENS: sim\u00e9trica, asim\u00e9trica, alternada, (Burst)<span class=\"Apple-converted-space\">\u00a0<\/span><\/p>\n<p class=\"p3\">TENS: para par\u00e1lisis terapia esp\u00e1stica.<span class=\"Apple-converted-space\">\u00a0<\/span><\/p>\n<p class=\"p2\">Iontoforesis galv\u00e1nica<span class=\"Apple-converted-space\">\u00a0<\/span><\/p>\n<p class=\"p2\">Microcorriente<span class=\"Apple-converted-space\">\u00a0<\/span><\/p>\n<p class=\"p2\">Diadin\u00e1micas: MF,DF,CP,LP,CP- ISO, CP-ID, MF+CP, DF+LP, DF+CP.<span class=\"Apple-converted-space\">\u00a0<\/span><\/p>\n<p class=\"p2\">Trabert<span class=\"Apple-converted-space\">\u00a0<\/span><\/p>\n<p class=\"p2\">Leduc<span class=\"Apple-converted-space\">\u00a0<\/span><\/p>\n<p class=\"p2\"><span class=\"s1\">Corriente Unipolar USS <\/span>(DOLOR AGUDO\/CRONICO\/IONTOFORESIS)<span class=\"Apple-converted-space\">\u00a0<\/span><\/p>\n<p class=\"p3\"><b>Incluye bater\u00eda<span class=\"Apple-converted-space\">\u00a0<\/span><\/b><\/p>\n<p class=\"p5\"><b>ELECTRO DIAGN\u00d3STICO<span class=\"Apple-converted-space\">\u00a0<\/span><\/b><\/p>\n<p class=\"p6\">\u2022 Electro diagn\u00f3stico con gr\u00e1ficos de presentaci\u00f3n de la curva I\/T<span class=\"Apple-converted-space\">\u00a0<\/span><\/p>\n<p class=\"p6\">\u2022 C\u00e1lculo autom\u00e1tico de la reobase, cronaxia y coeficiente de acomodaci\u00f3n.<span class=\"Apple-converted-space\">\u00a0<\/span><\/p>\n<p class=\"p7\">Ultrasonido de 1 y 3 Mhz con modalidad continua y puls\u00e1til<span class=\"Apple-converted-space\">\u00a0<\/span><\/p>\n<p class=\"p7\"><b>Sistema de contacto de cabezal, <\/b>para garantizar tiempo efectivo de tratamiento.<span class=\"Apple-converted-space\">\u00a0<\/span><\/p>\n<p class=\"p7\">Ciclos de operaci\u00f3n desde: 10% , 25%, 50%; o modo continuo.<span class=\"Apple-converted-space\">\u00a0<\/span><\/p>\n<p class=\"p7\">Puede ser programado en forma independiente o autom\u00e1ticamente.<span class=\"Apple-converted-space\">\u00a0<\/span><\/p>\n<p class=\"p7\">Pantalla, para visualizaci\u00f3n de par\u00e1metros como:<span class=\"Apple-converted-space\">\u00a0<\/span><\/p>\n<p class=\"p7\">Tiempo de tratamiento, con se\u00f1al ac\u00fastica de fin de tratamiento.<span class=\"Apple-converted-space\">\u00a0<\/span><\/p>\n<p class=\"p7\">Modo de operaci\u00f3n<span class=\"Apple-converted-space\">\u00a0<\/span><\/p>\n<p class=\"p7\">Frecuencia de operaci\u00f3n.<span class=\"Apple-converted-space\">\u00a0<\/span><\/p>\n<p class=\"p7\">Tama\u00f1o del cabezal que se est\u00e1 usando<span class=\"Apple-converted-space\">\u00a0<\/span><\/p>\n<p class=\"p7\">L\u00e1ser con aplicador de 808nm y 400 mW<span class=\"Apple-converted-space\">\u00a0<\/span><\/p>\n<p class=\"p2\">Tipo de l\u00e1ser de diodo led GaAs.<span class=\"Apple-converted-space\">\u00a0<\/span><\/p>\n<p class=\"p8\"><b>M\u00e1xima potencia de 400 mW.<span class=\"Apple-converted-space\">\u00a0<\/span><\/b><\/p>\n<p class=\"p9\"><b>Elecci\u00f3n de 4 potencias en 1 solo aplicador :100 \/ 200 \/ 300 \/ 400 mW .<span class=\"Apple-converted-space\">\u00a0<\/span><\/b><\/p>\n<p class=\"p8\">Aplicadores de fibra \u00f3ptica para tratamientos especiales en ORL (pre o post operatorio), ATM, Odontolog\u00eda (pre o post operatorio) <span class=\"s1\">(ver accesorios)<span class=\"Apple-converted-space\">\u00a0<\/span><\/span><\/p>\n<p class=\"p7\">Calculo autom\u00e1tico de los par\u00e1metros en base al tratamiento como dosificaci\u00f3n, intensidad, factor de trabajo, tiempo, \u00e1rea.<span class=\"Apple-converted-space\">\u00a0<\/span><\/p>\n<p class=\"p10\">OPCI\u00d3N DE INCREMENTAR APLICADOR CLUSTER (ver accesorios)<span class=\"Apple-converted-space\">\u00a0<\/span><\/p>\n<p class=\"p7\">Magnetoterapia de 200 gauss con 2 aplicadores, pulsos magn\u00e9ticos sinusoidal, triangular, rectangular, media-sinusoidal, media-triangular, media-rectangular.<span class=\"Apple-converted-space\">\u00a0<\/span><\/p>\n<p class=\"p2\">Dimensiones del producto: 21 x 29 x 11.05 cm (largo-ancho-alto) Peso del producto: 4.63 lb sin accesorios<span class=\"Apple-converted-space\">\u00a0<\/span><\/p>\n<p class=\"p7\"><b>El equipo incluye:<span class=\"Apple-converted-space\">\u00a0<\/span><\/b><\/p>\n<p class=\"p7\">1 Unidad base<span class=\"Apple-converted-space\">\u00a0<\/span><\/p>\n<p class=\"p7\">2 Cable de 7,60mm con terminales para electrodos.<span class=\"Apple-converted-space\">\u00a0<\/span><\/p>\n<p class=\"p7\">6 electrodos de carbono<span class=\"Apple-converted-space\">\u00a0<\/span><\/p>\n<p class=\"p7\">6 esponjas para electrodos<span class=\"Apple-converted-space\">\u00a0<\/span><\/p>\n<p class=\"p7\">4 Bandas de sujeci\u00f3n de electrodos.<span class=\"Apple-converted-space\">\u00a0<\/span><\/p>\n<p class=\"p7\">1 Cabezal de ultrasonido de 1 y 3 Mhz<span class=\"Apple-converted-space\">\u00a0<\/span><\/p>\n<p class=\"p7\">1 Aplicador laser de 808 nm y 400 mW<span class=\"Apple-converted-space\">\u00a0<\/span><\/p>\n<p class=\"p7\">2 Aplicadores para magnetoterapia.<span class=\"Apple-converted-space\">\u00a0<\/span><\/p>\n<p class=\"p7\">1 Manual de operaci\u00f3n, 1 Cable de conexi\u00f3n a corriente el\u00e9ctrica.<span class=\"Apple-converted-space\">\u00a0<\/span><\/p>\n<p class=\"p7\">110<span class=\"Apple-converted-space\">\u00a0<\/span><\/p>\n","protected":false},"excerpt":{"rendered":"<p class=\"p2\">Equipo con 2 canales independientes de electroterapia, 1 canal para laser terapia o magnetoterapia y 1 canal para ultrasonido<\/p>\n<p class=\"p2\">Controlado por microprocesador.<\/p>\n<p class=\"p2\">Pantalla a color t\u00e1ctil de 7\u201d<\/p>\n<p class=\"p2\">Puede ser programado en forma manual o autom\u00e1tica, gracias a sus protocolos Cl\u00ednicos.<\/p>\n<p class=\"p2\">Biblioteca cl\u00ednica que permite visualizar colocaci\u00f3n de electrodos, tiempo de tratamiento, tipo de corriente, duraci\u00f3n de tratamiento, etc.<\/p>\n<p class=\"p3\"><b>Software de autochequeo autom\u00e1tico en el equipo. <\/b><\/p>\n<p class=\"p3\"><b>Sistema de revisi\u00f3n calidad de electrodos. <\/b><\/p>\n<p class=\"p2\">382 Programas de tratamiento seleccionados por nombre o zona terap\u00e9utica<\/p>\n<p class=\"p2\">38 secuencias de tratamiento pre programadas para electroterapia<\/p>\n<p class=\"p2\"><b><i>Tecnolog\u00cda autom\u00e1tica de estimulaci\u00f3n que ajusta par\u00e1metros de intensidad a la fisiolog\u00eda despu\u00e9s de cada per\u00cdodo de acomodaci\u00f3n, sin necesidad que el especialista acuda a subir la misma) <\/i><\/b><\/p>\n<p class=\"p2\">10 secuencias de tratamiento programables para electroterapia<\/p>\n<p class=\"p2\">400 memorias para guardar programas.<\/p>\n<p class=\"p2\">38 programas para acupuntura<\/p>\n","protected":false},"featured_media":25900,"comment_status":"open","ping_status":"closed","template":"","meta":{"_acf_changed":false},"product_brand":[],"product_cat":[245],"product_tag":[],"class_list":{"0":"post-26066","1":"product","2":"type-product","3":"status-publish","4":"has-post-thumbnail","6":"product_cat-equipos-combinados","8":"first","9":"instock","10":"taxable","11":"shipping-taxable","12":"product-type-simple"},"acf":[],"_links":{"self":[{"href":"https:\/\/jmmedicalec.com\/nuevo\/wp-json\/wp\/v2\/product\/26066","targetHints":{"allow":["GET"]}}],"collection":[{"href":"https:\/\/jmmedicalec.com\/nuevo\/wp-json\/wp\/v2\/product"}],"about":[{"href":"https:\/\/jmmedicalec.com\/nuevo\/wp-json\/wp\/v2\/types\/product"}],"replies":[{"embeddable":true,"href":"https:\/\/jmmedicalec.com\/nuevo\/wp-json\/wp\/v2\/comments?post=26066"}],"version-history":[{"count":2,"href":"https:\/\/jmmedicalec.com\/nuevo\/wp-json\/wp\/v2\/product\/26066\/revisions"}],"predecessor-version":[{"id":26853,"href":"https:\/\/jmmedicalec.com\/nuevo\/wp-json\/wp\/v2\/product\/26066\/revisions\/26853"}],"wp:featuredmedia":[{"embeddable":true,"href":"https:\/\/jmmedicalec.com\/nuevo\/wp-json\/wp\/v2\/media\/25900"}],"wp:attachment":[{"href":"https:\/\/jmmedicalec.com\/nuevo\/wp-json\/wp\/v2\/media?parent=26066"}],"wp:term":[{"taxonomy":"product_brand","embeddable":true,"href":"https:\/\/jmmedicalec.com\/nuevo\/wp-json\/wp\/v2\/product_brand?post=26066"},{"taxonomy":"product_cat","embeddable":true,"href":"https:\/\/jmmedicalec.com\/nuevo\/wp-json\/wp\/v2\/product_cat?post=26066"},{"taxonomy":"product_tag","embeddable":true,"href":"https:\/\/jmmedicalec.com\/nuevo\/wp-json\/wp\/v2\/product_tag?post=26066"}],"curies":[{"name":"wp","href":"https:\/\/api.w.org\/{rel}","templated":true}]}}