{"id":26077,"date":"2022-12-16T20:40:43","date_gmt":"2022-12-16T20:40:43","guid":{"rendered":"https:\/\/jmmedicalec.com\/nuevo\/?post_type=product&#038;p=26077"},"modified":"2022-12-16T20:42:17","modified_gmt":"2022-12-16T20:42:17","slug":"compression-en-frio-clinico-biocryo","status":"publish","type":"product","link":"https:\/\/jmmedicalec.com\/nuevo\/product\/compression-en-frio-clinico-biocryo\/","title":{"rendered":"COMPRESSION EN FR\u00cdO CL\u00cdNICO BIOCRYO"},"content":{"rendered":"<p class=\"p1\">Nuestro sistema de terapia de compresi\u00f3n din\u00e1mica en fr\u00edo combina terapias activas de fr\u00edo y compresi\u00f3n secuencial para obtener el m\u00e1ximo poder curativo. La innovadora tecnolog\u00eda BioCryo estimula la reparaci\u00f3n de tejidos al mejorar la funci\u00f3n linf\u00e1tica, eliminar el edema del sitio lesionado y alentar el flujo sangu\u00edneo oxigenado al sitio, todo lo cual conduce a una recuperaci\u00f3n m\u00e1s r\u00e1pida.<\/p>\n<p class=\"p1\"><span class=\"s1\"><b>Especificaciones<\/b><\/span><\/p>\n<p class=\"p2\">Dimensiones: 14 cm x 20 cm x 30 cm<\/p>\n<p class=\"p3\">Peso: 4,55 libras \/ 2,06 kg<\/p>\n<p class=\"p3\">Rango de presi\u00f3n: 0-80 mmHg<\/p>\n<p class=\"p2\">Tiempo de ciclo: 60 segundos<\/p>\n<p class=\"p1\"><span class=\"s1\"><b>Ventajas<\/b><\/span><\/p>\n<ul class=\"ul1\">\n<li class=\"li2\">El conveniente paquete de gel fr\u00edo elimina la necesidad de hielo y agua.<\/li>\n<li class=\"li3\">4 c\u00e1maras secuenciales de terapia de<span class=\"s5\"><span class=\"Apple-converted-space\">\u00a0 <\/span><\/span>compresi\u00f3n<span class=\"s5\"><span class=\"Apple-converted-space\">\u00a0 <\/span><\/span>fr\u00eda<span class=\"s6\"><span class=\"Apple-converted-space\">\u00a0 <\/span><\/span>son<span class=\"s5\"><span class=\"Apple-converted-space\">\u00a0 <\/span><\/span>m\u00e1s efectivas que los dispositivos de una sola c\u00e1mara.<\/li>\n<li class=\"li4\">El manejo del dolor reduce la necesidad de medicamentos.<\/li>\n<li class=\"li5\">Mayor cumplimiento del paciente: f\u00e1cil de usar y c\u00f3modo.<\/li>\n<li class=\"li5\">Acortar el tiempo de recuperaci\u00f3n posquir\u00fargica.<\/li>\n<li class=\"li5\">Ligero y port\u00e1til.<\/li>\n<li class=\"li6\">Los paquetes de gel se almacenan convenientemente en el congelador y se mantienen fr\u00edos durante horas de uso.<\/li>\n<li class=\"li7\">Funcionalidad unilateral y \/ o bilateral.<\/li>\n<li class=\"li4\">Resultados m\u00e9dicamente probados<\/li>\n<\/ul>\n","protected":false},"excerpt":{"rendered":"<p class=\"p1\">Nuestro sistema de terapia de compresi\u00f3n din\u00e1mica en fr\u00edo combina terapias activas de fr\u00edo y compresi\u00f3n secuencial para obtener el m\u00e1ximo poder curativo. La innovadora tecnolog\u00eda BioCryo estimula la reparaci\u00f3n de tejidos al mejorar la funci\u00f3n linf\u00e1tica, eliminar el edema del sitio lesionado y alentar el flujo sangu\u00edneo oxigenado al sitio, todo lo cual conduce a una recuperaci\u00f3n m\u00e1s r\u00e1pida.<\/p>\n<p class=\"p1\">\n","protected":false},"featured_media":25949,"comment_status":"open","ping_status":"closed","template":"","meta":{"_acf_changed":false},"product_brand":[],"product_cat":[248],"product_tag":[],"class_list":{"0":"post-26077","1":"product","2":"type-product","3":"status-publish","4":"has-post-thumbnail","6":"product_cat-pressoterapia","8":"first","9":"instock","10":"taxable","11":"shipping-taxable","12":"product-type-simple"},"acf":[],"_links":{"self":[{"href":"https:\/\/jmmedicalec.com\/nuevo\/wp-json\/wp\/v2\/product\/26077","targetHints":{"allow":["GET"]}}],"collection":[{"href":"https:\/\/jmmedicalec.com\/nuevo\/wp-json\/wp\/v2\/product"}],"about":[{"href":"https:\/\/jmmedicalec.com\/nuevo\/wp-json\/wp\/v2\/types\/product"}],"replies":[{"embeddable":true,"href":"https:\/\/jmmedicalec.com\/nuevo\/wp-json\/wp\/v2\/comments?post=26077"}],"version-history":[{"count":0,"href":"https:\/\/jmmedicalec.com\/nuevo\/wp-json\/wp\/v2\/product\/26077\/revisions"}],"wp:featuredmedia":[{"embeddable":true,"href":"https:\/\/jmmedicalec.com\/nuevo\/wp-json\/wp\/v2\/media\/25949"}],"wp:attachment":[{"href":"https:\/\/jmmedicalec.com\/nuevo\/wp-json\/wp\/v2\/media?parent=26077"}],"wp:term":[{"taxonomy":"product_brand","embeddable":true,"href":"https:\/\/jmmedicalec.com\/nuevo\/wp-json\/wp\/v2\/product_brand?post=26077"},{"taxonomy":"product_cat","embeddable":true,"href":"https:\/\/jmmedicalec.com\/nuevo\/wp-json\/wp\/v2\/product_cat?post=26077"},{"taxonomy":"product_tag","embeddable":true,"href":"https:\/\/jmmedicalec.com\/nuevo\/wp-json\/wp\/v2\/product_tag?post=26077"}],"curies":[{"name":"wp","href":"https:\/\/api.w.org\/{rel}","templated":true}]}}