{"id":26278,"date":"2022-12-19T15:22:33","date_gmt":"2022-12-19T15:22:33","guid":{"rendered":"https:\/\/jmmedicalec.com\/nuevo\/?post_type=product&#038;p=26278"},"modified":"2026-03-23T22:26:00","modified_gmt":"2026-03-23T22:26:00","slug":"bandas-de-compresion-floss-band","status":"publish","type":"product","link":"https:\/\/jmmedicalec.com\/nuevo\/product\/bandas-de-compresion-floss-band\/","title":{"rendered":"BANDAS DE COMPRESI\u00d3N \/ FLOSS BAND"},"content":{"rendered":"<p class=\"p2\">Las bandas de compresi\u00f3n son una excelente herramienta de movilidad multiuso, pueden usarse para ayudar a aumentar la movilidad en una regi\u00f3n del cuerpo como ayuda a ganar rotaci\u00f3n interna del hombro, extensi\u00f3n del codo y rodilla. Se puede usar para romper las adherencias en el tejido conjuntivo en regiones de sobrecarga cr\u00f3nica, como rodilla \/ muslo lateral en el s\u00edndrome de fricci\u00f3n ITB o en la fase de rehabilitaci\u00f3n sub aguda para el tobillo anterior despu\u00e9s del esguince de tobillo.<span class=\"Apple-converted-space\">\u00a0<\/span><\/p>\n","protected":false},"excerpt":{"rendered":"<p class=\"p2\">Las bandas de compresi\u00f3n son una excelente herramienta de movilidad multiuso, pueden usarse para ayudar a aumentar la movilidad en una regi\u00f3n del cuerpo como ayuda a ganar rotaci\u00f3n interna del hombro, extensi\u00f3n del codo y rodilla. Se puede usar para romper las adherencias en el tejido conjuntivo en regiones de sobrecarga cr\u00f3nica, como rodilla \/ muslo lateral en el s\u00edndrome de fricci\u00f3n ITB o en la fase de rehabilitaci\u00f3n sub aguda para el tobillo anterior despu\u00e9s del esguince de tobillo.<\/p>\n","protected":false},"featured_media":26588,"comment_status":"open","ping_status":"closed","template":"","meta":{"_acf_changed":false},"product_brand":[],"product_cat":[253],"product_tag":[],"class_list":{"0":"post-26278","1":"product","2":"type-product","3":"status-publish","4":"has-post-thumbnail","6":"product_cat-mecanoterapia","8":"first","9":"instock","10":"taxable","11":"shipping-taxable","12":"purchasable","13":"product-type-variable"},"acf":[],"_links":{"self":[{"href":"https:\/\/jmmedicalec.com\/nuevo\/wp-json\/wp\/v2\/product\/26278","targetHints":{"allow":["GET"]}}],"collection":[{"href":"https:\/\/jmmedicalec.com\/nuevo\/wp-json\/wp\/v2\/product"}],"about":[{"href":"https:\/\/jmmedicalec.com\/nuevo\/wp-json\/wp\/v2\/types\/product"}],"replies":[{"embeddable":true,"href":"https:\/\/jmmedicalec.com\/nuevo\/wp-json\/wp\/v2\/comments?post=26278"}],"version-history":[{"count":2,"href":"https:\/\/jmmedicalec.com\/nuevo\/wp-json\/wp\/v2\/product\/26278\/revisions"}],"predecessor-version":[{"id":26758,"href":"https:\/\/jmmedicalec.com\/nuevo\/wp-json\/wp\/v2\/product\/26278\/revisions\/26758"}],"wp:featuredmedia":[{"embeddable":true,"href":"https:\/\/jmmedicalec.com\/nuevo\/wp-json\/wp\/v2\/media\/26588"}],"wp:attachment":[{"href":"https:\/\/jmmedicalec.com\/nuevo\/wp-json\/wp\/v2\/media?parent=26278"}],"wp:term":[{"taxonomy":"product_brand","embeddable":true,"href":"https:\/\/jmmedicalec.com\/nuevo\/wp-json\/wp\/v2\/product_brand?post=26278"},{"taxonomy":"product_cat","embeddable":true,"href":"https:\/\/jmmedicalec.com\/nuevo\/wp-json\/wp\/v2\/product_cat?post=26278"},{"taxonomy":"product_tag","embeddable":true,"href":"https:\/\/jmmedicalec.com\/nuevo\/wp-json\/wp\/v2\/product_tag?post=26278"}],"curies":[{"name":"wp","href":"https:\/\/api.w.org\/{rel}","templated":true}]}}