{"id":26283,"date":"2022-12-19T21:29:00","date_gmt":"2022-12-19T21:29:00","guid":{"rendered":"https:\/\/jmmedicalec.com\/nuevo\/?post_type=product&#038;p=26283"},"modified":"2025-07-27T22:18:39","modified_gmt":"2025-07-27T22:18:39","slug":"hand-master-plus","status":"publish","type":"product","link":"https:\/\/jmmedicalec.com\/nuevo\/product\/hand-master-plus\/","title":{"rendered":"HAND MASTER PLUS"},"content":{"rendered":"<p class=\"p2\">Handmaster plus ayuda en el tratamiento, rehabilitaci\u00f3n y prevenci\u00f3n del codo de tenista, osteoartritis, osteoporosis, tendinitis, s\u00edndrome de dequervain, contractura de dupuytren, lesi\u00f3n por esfuerzo repetitivo (RSI) y mucho m\u00e1s. Se utiliza para fortalecer y equilibrar los m\u00fasculos de los dedos, el pulgar, la mano, la mu\u00f1eca, el antebrazo y el codo, as\u00ed como para maximizar la recuperaci\u00f3n de lesiones y\/o prevenir lesiones<span class=\"s1\">. <\/span>Fortalece los 18 m\u00fasculos de la mano en un ejercicio f\u00e1cil. El ejercitador de mano que equilibra el equilibrio entre el flexor y los m\u00fasculos extensores.<span class=\"Apple-converted-space\"><\/p>\n<p>MORADO (SUAVE)<br \/>\nROJO (MEDIO)<br \/>\nNARANJA (FUERTE)<br \/>\n<\/span><\/p>\n","protected":false},"excerpt":{"rendered":"<p class=\"p2\">Handmaster plus ayuda en el tratamiento, rehabilitaci\u00f3n y prevenci\u00f3n del codo de tenista, osteoartritis, osteoporosis, tendinitis, s\u00edndrome de dequervain, contractura de dupuytren, lesi\u00f3n por esfuerzo repetitivo (RSI) y mucho m\u00e1s. Se utiliza para fortalecer y equilibrar los m\u00fasculos de los dedos, el pulgar, la mano, la mu\u00f1eca, el antebrazo y el codo, as\u00ed como para maximizar la recuperaci\u00f3n de lesiones y\/o prevenir lesiones<span class=\"s1\">. <\/span>Fortalece los 18 m\u00fasculos de la mano en un ejercicio f\u00e1cil. El ejercitador de mano que equilibra el equilibrio entre el flexor y los m\u00fasculos extensores.<span class=\"Apple-converted-space\">\u00a0<\/span><\/p>\n","protected":false},"featured_media":26604,"comment_status":"open","ping_status":"closed","template":"","meta":{"_acf_changed":false},"product_brand":[],"product_cat":[253],"product_tag":[],"class_list":{"0":"post-26283","1":"product","2":"type-product","3":"status-publish","4":"has-post-thumbnail","6":"product_cat-mecanoterapia","8":"first","9":"instock","10":"taxable","11":"shipping-taxable","12":"purchasable","13":"product-type-simple"},"acf":[],"_links":{"self":[{"href":"https:\/\/jmmedicalec.com\/nuevo\/wp-json\/wp\/v2\/product\/26283","targetHints":{"allow":["GET"]}}],"collection":[{"href":"https:\/\/jmmedicalec.com\/nuevo\/wp-json\/wp\/v2\/product"}],"about":[{"href":"https:\/\/jmmedicalec.com\/nuevo\/wp-json\/wp\/v2\/types\/product"}],"replies":[{"embeddable":true,"href":"https:\/\/jmmedicalec.com\/nuevo\/wp-json\/wp\/v2\/comments?post=26283"}],"version-history":[{"count":2,"href":"https:\/\/jmmedicalec.com\/nuevo\/wp-json\/wp\/v2\/product\/26283\/revisions"}],"predecessor-version":[{"id":27882,"href":"https:\/\/jmmedicalec.com\/nuevo\/wp-json\/wp\/v2\/product\/26283\/revisions\/27882"}],"wp:featuredmedia":[{"embeddable":true,"href":"https:\/\/jmmedicalec.com\/nuevo\/wp-json\/wp\/v2\/media\/26604"}],"wp:attachment":[{"href":"https:\/\/jmmedicalec.com\/nuevo\/wp-json\/wp\/v2\/media?parent=26283"}],"wp:term":[{"taxonomy":"product_brand","embeddable":true,"href":"https:\/\/jmmedicalec.com\/nuevo\/wp-json\/wp\/v2\/product_brand?post=26283"},{"taxonomy":"product_cat","embeddable":true,"href":"https:\/\/jmmedicalec.com\/nuevo\/wp-json\/wp\/v2\/product_cat?post=26283"},{"taxonomy":"product_tag","embeddable":true,"href":"https:\/\/jmmedicalec.com\/nuevo\/wp-json\/wp\/v2\/product_tag?post=26283"}],"curies":[{"name":"wp","href":"https:\/\/api.w.org\/{rel}","templated":true}]}}