{"id":26287,"date":"2022-12-19T21:37:40","date_gmt":"2022-12-19T21:37:40","guid":{"rendered":"https:\/\/jmmedicalec.com\/nuevo\/?post_type=product&#038;p=26287"},"modified":"2025-07-27T22:13:07","modified_gmt":"2025-07-27T22:13:07","slug":"xtensor","status":"publish","type":"product","link":"https:\/\/jmmedicalec.com\/nuevo\/product\/xtensor\/","title":{"rendered":"XTENSOR"},"content":{"rendered":"<p class=\"p2\">Ayuda a que se recuperen de: codo de tenista, tendinitis en la mu\u00f1eca, superaci\u00f3n de los efectos de un accidente cerebrovascular, Mano Trauma Rehabilitaci\u00f3n, y mucho m\u00e1s. El posicionamiento \u00fanico pulgar permite al Xtensor ser utilizado en cualquiera de las manos. Cada uno de los extensores de los dedos individuales se puede colocar de forma independiente para conseguir 3 niveles diferentes de resistencia<span class=\"Apple-converted-space\">\u00a0<\/span><\/p>\n","protected":false},"excerpt":{"rendered":"<p class=\"p2\">Ayuda a que se recuperen de: codo de tenista, tendinitis en la mu\u00f1eca, superaci\u00f3n de los efectos de un accidente cerebrovascular, Mano Trauma Rehabilitaci\u00f3n, y mucho m\u00e1s. El posicionamiento \u00fanico pulgar permite al Xtensor ser utilizado en cualquiera de las manos. Cada uno de los extensores de los dedos individuales se puede colocar de forma independiente para conseguir 3 niveles diferentes de resistencia<span class=\"Apple-converted-space\">\u00a0<\/span><\/p>\n","protected":false},"featured_media":26231,"comment_status":"open","ping_status":"closed","template":"","meta":{"_acf_changed":false},"product_brand":[],"product_cat":[253],"product_tag":[],"class_list":{"0":"post-26287","1":"product","2":"type-product","3":"status-publish","4":"has-post-thumbnail","6":"product_cat-mecanoterapia","8":"first","9":"instock","10":"taxable","11":"shipping-taxable","12":"purchasable","13":"product-type-simple"},"acf":[],"_links":{"self":[{"href":"https:\/\/jmmedicalec.com\/nuevo\/wp-json\/wp\/v2\/product\/26287","targetHints":{"allow":["GET"]}}],"collection":[{"href":"https:\/\/jmmedicalec.com\/nuevo\/wp-json\/wp\/v2\/product"}],"about":[{"href":"https:\/\/jmmedicalec.com\/nuevo\/wp-json\/wp\/v2\/types\/product"}],"replies":[{"embeddable":true,"href":"https:\/\/jmmedicalec.com\/nuevo\/wp-json\/wp\/v2\/comments?post=26287"}],"version-history":[{"count":1,"href":"https:\/\/jmmedicalec.com\/nuevo\/wp-json\/wp\/v2\/product\/26287\/revisions"}],"predecessor-version":[{"id":26663,"href":"https:\/\/jmmedicalec.com\/nuevo\/wp-json\/wp\/v2\/product\/26287\/revisions\/26663"}],"wp:featuredmedia":[{"embeddable":true,"href":"https:\/\/jmmedicalec.com\/nuevo\/wp-json\/wp\/v2\/media\/26231"}],"wp:attachment":[{"href":"https:\/\/jmmedicalec.com\/nuevo\/wp-json\/wp\/v2\/media?parent=26287"}],"wp:term":[{"taxonomy":"product_brand","embeddable":true,"href":"https:\/\/jmmedicalec.com\/nuevo\/wp-json\/wp\/v2\/product_brand?post=26287"},{"taxonomy":"product_cat","embeddable":true,"href":"https:\/\/jmmedicalec.com\/nuevo\/wp-json\/wp\/v2\/product_cat?post=26287"},{"taxonomy":"product_tag","embeddable":true,"href":"https:\/\/jmmedicalec.com\/nuevo\/wp-json\/wp\/v2\/product_tag?post=26287"}],"curies":[{"name":"wp","href":"https:\/\/api.w.org\/{rel}","templated":true}]}}