{"id":26328,"date":"2022-12-19T22:40:37","date_gmt":"2022-12-19T22:40:37","guid":{"rendered":"https:\/\/jmmedicalec.com\/nuevo\/?post_type=product&#038;p=26328"},"modified":"2023-01-25T23:31:48","modified_gmt":"2023-01-25T23:31:48","slug":"bicicleta-horizontal-recumbent","status":"publish","type":"product","link":"https:\/\/jmmedicalec.com\/nuevo\/product\/bicicleta-horizontal-recumbent\/","title":{"rendered":"BICICLETA HORIZONTAL RECUMBENT"},"content":{"rendered":"<p class=\"p2\">Dise\u00f1o completamente ergon\u00f3mico con una s\u00f3lida estructura que da mucha estabilidad durante el ejercicio<\/p>\n<ul>\n<li class=\"p2\">Manubrios que aseguran un agarre confortable y relajado, cuenta con sensores de pulso<\/li>\n<li class=\"p2\">Utiliza un sistema de resistencia magn\u00e9tica que hace que su ejercicio sea m\u00e1s silencioso<\/li>\n<li class=\"p2\">Panel de control LCD de f\u00e1cil lectura que le proporciona informaci\u00f3n continua de: velocidad, tiempo, calor\u00edas, distancia, od\u00f3metro y pulso<\/li>\n<li class=\"p2\">Resistencia ajustable de 8 niveles a trav\u00e9s de una simple perilla<\/li>\n<li class=\"p2\">Asiento regulable que permite su c\u00f3modo uso a diferentes usuarios<\/li>\n<li class=\"p2\">Pedales con sujetadores que le permite realizar sus ejercicios sin que sus pies se resbalen<\/li>\n<li class=\"p2\">Soporta hasta 240 libras.<span class=\"Apple-converted-space\">\u00a0<\/span><\/li>\n<\/ul>\n","protected":false},"excerpt":{"rendered":"<p class=\"p2\">Dise\u00f1o completamente ergon\u00f3mico con una s\u00f3lida estructura que da mucha estabilidad durante el ejercicio<\/p>\n<ul>\n<li class=\"p2\">Manubrios que aseguran un agarre confortable y relajado, cuenta con sensores de pulso<\/li>\n<li class=\"p2\">Utiliza un sistema de resistencia magn\u00e9tica que hace que su ejercicio sea m\u00e1s silencioso<\/li>\n<li class=\"p2\">Panel de control LCD de f\u00e1cil lectura que le proporciona informaci\u00f3n continua de: velocidad, tiempo, calor\u00edas, distancia, od\u00f3metro y pulso<\/li>\n<li class=\"p2\">Resistencia ajustable de 8 niveles a trav\u00e9s de una simple perilla<\/li>\n<li class=\"p2\">Asiento regulable que permite su c\u00f3modo uso a diferentes usuarios<\/li>\n<li class=\"p2\">Pedales con sujetadores que le permite realizar sus ejercicios sin que sus pies se resbalen<\/li>\n<li class=\"p2\">Soporta hasta 240 libras.<\/li>\n<\/ul>\n","protected":false},"featured_media":26163,"comment_status":"open","ping_status":"closed","template":"","meta":{"_acf_changed":false},"product_brand":[],"product_cat":[255],"product_tag":[],"class_list":{"0":"post-26328","1":"product","2":"type-product","3":"status-publish","4":"has-post-thumbnail","6":"product_cat-gimnasio","8":"first","9":"instock","10":"taxable","11":"shipping-taxable","12":"product-type-simple"},"acf":[],"_links":{"self":[{"href":"https:\/\/jmmedicalec.com\/nuevo\/wp-json\/wp\/v2\/product\/26328","targetHints":{"allow":["GET"]}}],"collection":[{"href":"https:\/\/jmmedicalec.com\/nuevo\/wp-json\/wp\/v2\/product"}],"about":[{"href":"https:\/\/jmmedicalec.com\/nuevo\/wp-json\/wp\/v2\/types\/product"}],"replies":[{"embeddable":true,"href":"https:\/\/jmmedicalec.com\/nuevo\/wp-json\/wp\/v2\/comments?post=26328"}],"version-history":[{"count":2,"href":"https:\/\/jmmedicalec.com\/nuevo\/wp-json\/wp\/v2\/product\/26328\/revisions"}],"predecessor-version":[{"id":26774,"href":"https:\/\/jmmedicalec.com\/nuevo\/wp-json\/wp\/v2\/product\/26328\/revisions\/26774"}],"wp:featuredmedia":[{"embeddable":true,"href":"https:\/\/jmmedicalec.com\/nuevo\/wp-json\/wp\/v2\/media\/26163"}],"wp:attachment":[{"href":"https:\/\/jmmedicalec.com\/nuevo\/wp-json\/wp\/v2\/media?parent=26328"}],"wp:term":[{"taxonomy":"product_brand","embeddable":true,"href":"https:\/\/jmmedicalec.com\/nuevo\/wp-json\/wp\/v2\/product_brand?post=26328"},{"taxonomy":"product_cat","embeddable":true,"href":"https:\/\/jmmedicalec.com\/nuevo\/wp-json\/wp\/v2\/product_cat?post=26328"},{"taxonomy":"product_tag","embeddable":true,"href":"https:\/\/jmmedicalec.com\/nuevo\/wp-json\/wp\/v2\/product_tag?post=26328"}],"curies":[{"name":"wp","href":"https:\/\/api.w.org\/{rel}","templated":true}]}}